digit of 1028107?
2
What is the millions digit of 1160076?
1
What is the units digit of 4366610?
0
What is the tens digit of 18851055?
5
What is the tens digit of 246701?
0
What is the units digit of 3774235?
5
What is the units digit of 237482?
2
What is the hundreds digit of 8659176?
1
What is the hundred thousands digit of 1551844?
5
What is the hundred thousands digit of 1287117?
2
What is the hundreds digit of 161643?
6
What is the hundred thousands digit of 1367566?
3
What is the ten thousands digit of 4675378?
7
What is the ten millions digit of 19476838?
1
What is the hundred thousands digit of 657904?
6
What is the hundreds digit of 196778?
7
What is the thousands digit of 162400?
2
What is the units digit of 387441?
1
What is the hundreds digit of 159650?
6
What is the ten thousands digit of 8952407?
5
What is the ten thousands digit of 21250753?
5
What is the thousands digit of 751730?
1
What is the units digit of 105146?
6
What is the thousands digit of 189735?
9
What is the tens digit of 340030?
3
What is the hundred thousands digit of 25087595?
0
What is the units digit of 2075549?
9
What is the tens digit of 2942945?
4
What is the ten thousands digit of 3356582?
5
What is the units digit of 7501569?
9
What is the hundreds digit of 2068296?
2
What is the hundreds digit of 453493?
4
What is the tens digit of 383355?
5
What is the ten thousands digit of 1808678?
0
What is the units digit of 4125906?
6
What is the hundreds digit of 5056706?
7
What is the thousands digit of 568072?
8
What is the hundreds digit of 1743526?
5
What is the thousands digit of 402975?
2
What is the hundred thousands digit of 161234?
1
What is the ten thousands digit of 28121574?
2
What is the tens digit of 867135?
3
What is the ten thousands digit of 172667?
7
What is the hundreds digit of 435365?
3
What is the ten thousands digit of 11378535?
7
What is the millions digit of 6090586?
6
What is the hundreds digit of 2272933?
9
What is the ten thousands digit of 214965?
1
What is the hundreds digit of 2954671?
6
What is the ten millions digit of 13199789?
1
What is the ten thousands digit of 13141064?
4
What is the thousands digit of 4893387?
3
What is the thousands digit of 373610?
3
What is the thousands digit of 177940?
7
What is the thousands digit of 2462?
2
What is the ten thousands digit of 11455801?
5
What is the ten thousands digit of 8912184?
1
What is the ten millions digit of 21391242?
2
What is the hundred thousands digit of 125237?
1
What is the ten thousands digit of 2077105?
7
What is the hundred thousands digit of 204549?
2
What is the tens digit of 948879?
7
What is the units digit of 1196905?
5
What is the units digit of 133133?
3
What is the tens digit of 4417811?
1
What is the tens digit of 4127827?
2
What is the hundred thousands digit of 7657575?
6
What is the hundreds digit of 249589?
5
What is the millions digit of 3138683?
3
What is the millions digit of 1563234?
1
What is the units digit of 525384?
4
What is the hundreds digit of 12861664?
6
What is the tens digit of 841396?
9
What is the thousands digit of 720657?
0
What is the tens digit of 13032911?
1
What is the tens digit of 664740?
4
What is the units digit of 1496241?
1
What is the thousands digit of 320469?
0
What is the units digit of 1216970?
0
What is the millions digit of 1099289?
1
What is the hundred thousands digit of 113961?
1
What is the thousands digit of 894424?
4
What is the thousands digit of 225356?
5
What is the tens digit of 801369?
6
What is the hundreds digit of 93991?
9
What is the units digit of 426766?
6
What is the hundreds digit of 309157?
1
What is the hundreds digit of 28098540?
5
What is the millions digit of 7141356?
7
What is the thousands digit of 93207?
3
What is the hundred thousands digit of 9624628?
6
What is the units digit of 2201635?
5
What is the units digit of 371841?
1
What is the tens digit of 4231497?
9
What is the hundred thousands digit of 3509770?
5
What is the units digit of 312283?
3
What is the thousands digit of 758605?
8
What is the thousands digit of 191316?
1
What is the hundreds digit of 24144210?
2
What is the hundred thousands digit of 484031?
4
What is the tens digit of 295388?
8
What is the hundreds digit of 2269748?
7
What is the units digit of 1654718?
8
What is the tens digit of 83637?
3
What is the tens digit of 677705?
0
What is the tens digit of 87311?
1
What is the hundred thousands digit of 866256?
8
What is the hundreds digit of 2164?
1
What is the millions digit of 2015382?
2
What is the units digit of 824761?
1
What is the hundred thousands digit of 6940945?
9
What is the ten thousands digit of 206531?
0
What is the hundred thousands digit of 13558406?
5
What is the hundreds digit of 2965342?
3
What is the tens digit of 127884?
8
What is the tens digit of 293903?
0
What is the thousands digit of 2565622?
5
What is the thousands digit of 17979544?
9
What is the ten thousands digit of 240152?
4
What is the hundred thousands digit of 10567235?
5
What is the units digit of 108543?
3
What is the ten thousands digit of 704402?
0
What is the hundreds digit of 1597241?
2
What is the hundred thousands digit of 347163?
3
What is the hundred thousands digit of 1078020?
0
What is the hundred thousands digit of 2171944?
1
What is the tens digit of 36668?
6
What is the thousands digit of 1936016?
6
What is the units digit of 3114839?
9
What is the hundreds digit of 76576?
5
What is the tens digit of 773975?
7
What is the hundred thousands digit of 449143?
4
What is the millions digit of 21637178?
1
What is the millions digit of 23112695?
3
What is the thousands digit of 208225?
8
What is the millions digit of 9888924?
9
What is the thousands digit of 2515457?
5
What is the units digit of 67972?
2
What is the tens digit of 1087340?
4
What is the tens digit of 18862?
6
What is the hundreds digit of 224090?
0
What is the hundred thousands digit of 1855671?
8
What is the ten thousands digit of 2711155?
1
What is the ten thousands digit of 64968?
6
What is the hundreds digit of 7321920?
9
What is the hundred thousands digit of 3586217?
5
What is the hundred thousands digit of 350322?
3
What is the hundred thousands digit of 158968?
1
What is the thousands digit of 3590116?
0
What is the units digit of 592409?
9
What is the hundreds digit of 9117361?
3
What is the tens digit of 655582?
8
What is the hundreds digit of 6178801?
8
What is the tens digit of 17232584?
8
What is the hundreds digit of 139669?
6
What is the ten thousands digit of 405324?
0
What is the hundreds digit of 516075?
0
What is the hundreds digit of 213363?
3
What is the hundreds digit of 4734560?
5
What is the thousands digit of 4503790?
3
What is the millions digit of 3054625?
3
What is the tens digit of 407752?
5
What is the hundreds digit of 59237?
2
What is the hundred thousands digit of 2515202?
5
What is the units digit of 3776810?
0
What is the tens digit of 25124?
2
What is the ten thousands digit of 4449819?
4
What is the thousands digit of 3287957?
7
What is the hundred thousands digit of 21090404?
0
What is the millions digit of 1066648?
1
What is the hundred thousands digit of 203305?
2
What is the millions digit of 9424981?
9
What is the tens digit of 1704349?
4
What is the tens digit of 18201943?
4
What is the units digit of 253168?
8
What is the hundreds digit of 185902?
9
What is the hundreds digit of 763289?
2
What is the tens digit of 86299?
9
What is the hundreds digit of 603507?
5
What is the tens digit of 176199?
9
What is the thousands digit of 74040?
4
What is the hundred thousands digit of 1577192?
5
What is the tens digit of 6225713?
1
What is the ten thousands digit of 6266367?
6
What is the thousands digit of 4276497?
6
What is the tens digit of 728281?
8
What is the hundred thousands digit of 1006275?
0
What is the thousands digit of 337954?
7
What is the thousands digit of 644255?
4
What is the tens digit of 2246837?
3
What is the hundreds digit of 392356?
3
What is the ten thousands digit of 986516?
8
What is the ten thousands digit of 269927?
6
What is the ten thousands digit of 2354879?
5
What is the units digit of 1611509?
9
What is the millions digit of 5982335?
5
What is the ten millions digit of 16618116?
1
What is the